 25*f**2 - 26*f + 8. Let j(t) = 3*t**2 - 17*t + 20. Let s be j(6). Let x be h(s). Give r(x).
22
Let p(f) = -58*f + 51. Let h(q) = 11*q + 7. Let w(d) = -6*h(d) - p(d). Give w(-12).
3
Let c(b) be the third derivative of -b**6/10 + b**5/20 - b**3/3 - 399*b**2 - 3. What is c(-1)?
13
Let h(y) = -139 - y + 0*y - 157 + 308. Give h(12).
0
Let s(o) = -5 - 4*o**2 - 32638*o + 9*o**2 + 3*o**3 + 32639*o. What is s(-3)?
-44
Let n(t) = 9*t**2 - 20*t + 4. Let u(g) = 13*g**2 - 30*g + 7. Let q be (0 + 3)*(-115)/(-69). Let d(v) = q*u(v) - 7*n(v). What is d(5)?
7
Let b(d) = -281*d**2 - 269*d**2 + 549*d**2 + 17*d. What is b(19)?
-38
Let d(m) = -2*m**2 - 18*m - 12. Let c be d(-7). Suppose -12 = 4*l - c*l. Let s(u) = 8*u**3 + u - 2. Calculate s(l).
7
Let p be -3*(75/(-9))/5. Suppose -p = -4*h + 7. Suppose 3*i - 4*y + 44 = -i, -h*i - 9 = 5*y. Let t(g) = g**3 + 9*g**2 + 7*g + 6. Determine t(i).
14
Let w(i) = -i**3 - 10*i**2 - 15*i + 2. Let n = 3704 - 3712. Give w(n).
-6
Let k(q) = -128*q**2 + 30*q + 476. Let y(u) = -33*u**2 + 7*u + 119. Let m(p) = -8*k(p) + 31*y(p). What is m(27)?
-11
Let p(n) = -298*n - 5 + 2*n**2 + 2*n**2 + n**2 - n**2 + 300*n. Give p(0).
-5
Let s(a) = -a**3 + 7*a**2 + 4*a - 1. Let u be (-24)/(-228) + 131/19. Give s(u).
27
Let u(b) = 3*b**2 - 10*b**3 - 8*b + 3*b - 563 + 565. Let f be u(1). Let g(y) = y**3 + 10*y**2 - y - 8. Determine g(f).
2
Let f(p) = -p - 1. Let t(a) = -a**2 + 7*a - 6. Let x be t(3). Let h(m) = m**3 - 4*m**2 - 8*m - 6. Let w(v) = x*f(v) - h(v). Let r = -3 - -7. Give w(r).
8
Let j(l) be the second derivative of l**5/20 - 17*l**4/12 + l**3/6 - 6*l**2 - 11*l + 58. Give j(17).
5
Let a(c) = 10*c + c**2 + 391 - 207 - 201. Give a(-10).
-17
Let u be (10/(-4))/((-80)/(-320)). Let g(c) = 5*c + 13. What is g(u)?
-37
Suppose -31*c = -30 - 63. Let n(l) = -2*l + 7. Let w be n(-7). Suppose -6*i = -w - c. Let x(h) = h**2 - 2*h - 5. What is x(i)?
3
Let y(m) = 6*m**3 - 9*m**3 + 4*m**3 - m**3 - 2*m**2 + 3*m**3. Suppose 2*k = 4*c, 5*k - c + 2*c = 11. Calculate y(k).
16
Let w = -34205/6 + 5701. Let m(k) be the third derivative of w*k**3 + 7*k**2 + 1/120*k**6 - 1/8*k**4 + 0*k - 1/15*k**5 + 0. What is m(5)?
11
Let s be (-5)/(-15) + 16/6. Let l(y) = -s*y - 4*y + 4*y**2 - 3*y**2 - 8. Let k(t) = t**3 + 12*t**2 + 11*t + 139. Let i be k(-12). Determine l(i).
-8
Let h(m) = m + 2*m - m. Let d be (-433 + 17)/26 - -15. Give h(d).
-2
Let l be (129/27 - 2) + (-26)/(-117). Let q(d) = -9*d**3 + 5*d**2 - 3. Let t(h) = 9*h**3 - 4*h**2 + 2. Let w(m) = l*t(m) + 2*q(m). Give w(1).
7
Let i(a) = -32*a**3 - 2*a**2 + 1. Let r(q) = -q**3 - 11*q**2 + 25*q + 349. Let x be r(-10). Determine i(x).
31
Let r(d) = -d + 10. Suppose 796*v = 799*v - 15. Calculate r(v).
5
Let f(q) = -q**3 + 3*q**2 + q - 5. Suppose -3*t = 2*k + 10, 2*k - 3*t - 26 = -0*k. What is f(k)?
-17
Let z = -36 - -41. Suppose 0 = 4*l - z*l, -5*p - 100 = 2*l. Let f = -15 - p. Let d(s) = -s**3 + 6*s**2 - 6*s + 1. Calculate d(f).
-4
Let k = -10561 - -10553. Let w(u) = -u**3 - 7*u**2 + 7*u + 10. Give w(k).
18
Let p = 0 - -5. Suppose 0 = -5*w - p*f, 0 = -w - w + 3*f + 25. Let a = w - 0. Let m(g) = -g + 2. Calculate m(a).
-3
Let g(w) = -5*w**3 + 11*w**2 + 9*w - 6. Let i(r) = 9*r**3 - 21*r**2 - 18*r + 13. Let b(k) = 7*g(k) + 4*i(k). Suppose -35 = -6*z + 13. Give b(z).
2
Let c(g) = 4*g**3 + 47*g**2 + 66*g - 34. Let y be c(-10). Let i(p) = p**3 - 5*p**2 - 6*p - 9. Determine i(y).
-9
Let s(v) = -2*v - 17. Let o(h) = -3*h**2 + 4*h - 3. Let k be o(2). Let z(d) = d**2 + 20*d + 85. Let w be z(k). Determine s(w).
-5
Let j = 5568 - 5558. Let v(k) = 8*k - 87. What is v(j)?
-7
Suppose -m - 1 = -15. Suppose 0 = -m*c - 68 + 12. Let w(p) = -p**2 - 9*p - 3. What is w(c)?
17
Let c(r) = -20*r + 49. Let d(x) = 10*x - 22. Let l(i) = -6*c(i) - 13*d(i). Give l(-2).
12
Let v(o) = -14*o**3 + 31*o**2 + 5*o + 4. Let z(p) = 15*p**3 - 37*p**2 - 6*p - 5. Let q(b) = -6*v(b) - 5*z(b). What is q(-1)?
-9
Suppose -v + 6 = 2. Let z(j) be the first derivative of -j**3/3 + 4*j**2 - 9*j - 41722. Give z(v).
7
Let q(y) = -3*y + 26. Suppose -5*a + 3*v = -55, -232*a + 5*v + 17 = -233*a. Give q(a).
2
Let a be (-9)/(-6) - (-12)/(-8). Let c be 0 + (-3 - (1 - 0)). Let z be (2 + a)/((-1)/c). Let j(b) = b - 9. What is j(z)?
-1
Let b(r) = -r**3 - 10*r**2 - 10*r - 3. Suppose 3*d = -3, 64*d - 62*d = 3*y + 46. Let p = -2 - -1. Let h be (19 + p)*8/y. Calculate b(h).
6
Let n(g) be the first derivative of -g**4/4 + 7*g**3/3 - 3*g**2 - 8*g - 8. Let l be (-18 + (-297)/(-18))/((-1)/4). Give n(l).
-8
Let h(b) = 4*b**2 + 401*b - 60 - b**3 - 863*b + 478*b. Calculate h(3).
-3
Let j(r) = 12*r + 56. Suppose -21*u - 60 = -8*u - 3*u. Give j(u).
-16
Let r = 4344 + -4357. Let a(j) = j**3 + 10*j**2 - 39*j + 4. Determine a(r).
4
Let z(w) = 4*w**2 + 4*w - w**3 - 2 + w**3 + 3*w**3 - 4*w**3. Suppose 115 = 72*i - 231 + 58. Determine z(i).
14
Let o(z) be the third derivative of z**5/60 - z**4/12 - 7*z**3/6 + 2*z**2 + 87. Determine o(4).
1
Let c(t) = -t**2 - 12*t - 7. Suppose p - 3 + 9 = 2*y, -4*p = -4*y + 16. Let z(f) = -4*f**2 - 36*f - 21. Let h(d) = p*z(d) + 7*c(d). What is h(12)?
-7
Let y(m) = -m**2 + 2*m - 2. Let l be y(3). Let q(i) = 0 + 2*i - 1 - 1 + 8. What is q(l)?
-4
Let g(y) be the second derivative of -y**5/20 + y**4/3 + y**2 - 2*y - 1. Let p(o) = -o**3 - 3*o**2 + 10*o + 4. Let u be p(-5). What is g(u)?
2
Let f(u) be the first derivative of -u**6/360 + u**5/30 - u**4/24 + 58*u**3/3 + 130. Let r(z) be the third derivative of f(z). Give r(3).
2
Let g(c) = 4*c - 146 + 71 + 52. Let p be g(6). Let v(d) = 18*d**3 - 1. Calculate v(p).
17
Let v = 1716 - 1715. Let y(t) = 13*t**3 + 2*t**2 - 7*t + 2. Let i(a) = -a - 2*a + 3 - 2 + a**2 + 6*a**3. Let s(g) = 5*i(g) - 2*y(g). Calculate s(v).
5
Let a be -17 + -20 + (-6666)/(-180). Let z(p) be the third derivative of -9*p**2 + 1/12*p**4 + a*p**5 - 1/120*p**6 + 0 + 0*p - 1/2*p**3. What is z(2)?
1
Let q(y) = 18*y - 120. Let w = 4609 + -4602. Give q(w).
6
Let z(q) = q**3 - 16*q**2 - 15*q - 46. Let l = -377 + 394. Determine z(l).
-12
Let v(w) = 7*w + 84. Let u = -634 + 621. Let t be v(u). Let n(x) = -x**3 - 7*x**2 - 4*x + 1. What is n(t)?
29
Let t(o) = -67*o + 396. Suppose 1001*v = 986*v + 90. Determine t(v).
-6
Let h = -3 + 8. Suppose -25 = 5*q - r, -2*q + h*q = -2*r - 15. Let c(l) be the third derivative of -l**4/24 - l**3/3 + 1445*l**2 + 2. Determine c(q).
3
Let t(r) = 4*r + 26*r - 25*r - 3*r - 6 + 3*r**2. Calculate t(3).
27
Let n(d) = -d**3 + 10*d**2 - 7*d + 7. Suppose 0 = 2*i - 2*q - 10, 4*i - 8*q = -6*q + 28. Determine n(i).
25
Let x(k) = k**2 + 3*k + 6. Let w(i) = 17*i + 4*i - 8 - 25*i. Let r be w(-1). What is x(r)?
10
Let x(j) = -9*j - 96. Let r be x(-27). Let n(h) = -142 + h**3 + r + h + 3*h - 6*h**2. Calculate n(5).
0
Let r(j) = j**3 + 2*j**2 - 2*j - 3. Let x be (-16 - -14) + ((-2)/1)/(-1). Suppose x*c - 125 = -5*c. Suppose 0 = -5*z + c, -6 = 2*d - z + 3. Calculate r(d).
1
Suppose -5*h = -3*p - 26, 0 = -h - 8*p + 7*p + 2. Let u(k) = 206*k**2 - h*k + 10*k + 3 - 203*k**2 - k**3. Let a = -14 + 19. Determine u(a).
-17
Suppose -2*b + 8 = 2. Let j be -2 - (4 + (-32)/4). Let w(g) = 0*g - 2*g**2 + g + 3 + 0 + g**j. What is w(b)?
-3
Suppose -4*d + 8*d = 3*p - 24, -5*p = -4*d - 48. Suppose p*y = -14 + 38. Suppose 18 = -y*j + 2. Let u(k) = k + 2. Calculate u(j).
-6
Let z = 69 - 66. Suppose -v - z = -2*u - 4, -v - 5*u = -15. Suppose -6*k + 2*k = 3*x - 19, -v*x = -4*k + 11. Let w(r) = 11*r**3 + r. Determine w(x).
12
Let n(s) = -2 - 2 + 11 - 4*s + 2*s. Let x = -17146 + 17146. Give n(x).
7
Let k(s) = 7*s**2 + 41*s - 19. Let i(o) = -3*o**2 - 19*o + 9. Suppose 0 = 2*c - 2*q + 22, -c + 9 - 24 = -3*q. Let b(m) = c*i(m) - 4*k(m). What is b(7)?
-5
Let j = 14 - 4. Suppose 5*q = 3*q - j. Let m(y) = -9 + 2*y + y**2 - y - 9 + 12. Give m(q).
14
Let q be 36/(-5) + 6/30. Let r(a) = -a**2 - 8*a - 10. Let y be r(q). Let c(g) = -23*g**2 - 12*g**2 + 34*g**2. Give c(y).
-9
Let n(f) = -3*f + 53. Let r(v) = -2*v + 36. Let h be 40/6 + (-20)/12. Let t(w) = h*n(w) - 7*r(w). Give t(11).
2
Let o(h) = 2*h**2 - 19*h + 50. Let t = -10198 + 10208. Determine o(t).
60
Let m(d) = 3*d - 16. Suppose -64*u - 5*h = -68*u - 35, 38 = -4*u + 2*h. Determine m(u).
-46
Let k(c) = -c**3 - 14*c**2 + 32*c + 9. Let p = 320 + -336. Let q be k(p). Let j(b) = b**2 - 11*b + 9. Determine j(q).
-9
Let s(k